 divisor of 56 and 126?
14
Calculate the highest common factor of 40 and 152.
8
What is the highest common factor of 1305 and 180?
45
Calculate the greatest common factor of 5192 and 352.
88
What is the greatest common divisor of 511 and 219?
73
What is the greatest common factor of 3492 and 72?
36
Calculate the greatest common divisor of 24 and 4452.
12
Calculate the highest common divisor of 60 and 810.
30
What is the greatest common divisor of 102 and 30906?
102
What is the highest common divisor of 420 and 2205?
105
Calculate the greatest common factor of 40 and 140.
20
Calculate the greatest common factor of 141 and 141.
141
Calculate the highest common divisor of 745 and 5.
5
Calculate the highest common factor of 4634 and 14.
14
What is the greatest common divisor of 9313 and 139?
139
Calculate the highest common divisor of 466 and 233.
233
Calculate the greatest common divisor of 5543 and 1928.
241
What is the greatest common divisor of 1147 and 37?
37
What is the highest common factor of 378 and 1188?
54
What is the highest common factor of 2674 and 14?
14
What is the highest common divisor of 158 and 158?
158
What is the greatest common divisor of 56 and 88?
8
What is the highest common divisor of 40114 and 62?
62
What is the greatest common divisor of 17 and 323?
17
What is the greatest common factor of 6470 and 10?
10
What is the highest common divisor of 3021 and 19?
19
What is the greatest common factor of 10 and 945?
5
What is the greatest common divisor of 165 and 55?
55
What is the greatest common factor of 252 and 72?
36
Calculate the greatest common divisor of 729 and 9.
9
Calculate the greatest common divisor of 949 and 52.
13
Calculate the greatest common divisor of 115 and 1495.
115
Calculate the greatest common divisor of 13 and 3107.
13
What is the highest common factor of 1456 and 42?
14
Calculate the highest common divisor of 12 and 108.
12
Calculate the highest common factor of 75 and 54225.
75
Calculate the greatest common factor of 147 and 140.
7
What is the greatest common divisor of 624 and 26?
26
Calculate the highest common factor of 888 and 480.
24
Calculate the highest common factor of 105 and 195.
15
What is the greatest common divisor of 11309 and 43?
43
What is the greatest common factor of 195 and 210?
15
Calculate the highest common divisor of 22 and 187.
11
Calculate the greatest common divisor of 67 and 201.
67
Calculate the highest common divisor of 412 and 2.
2
What is the highest common divisor of 9 and 1245?
3
Calculate the greatest common factor of 1080 and 828.
36
Calculate the greatest common factor of 435 and 4089.
87
Calculate the highest common factor of 112 and 11312.
112
Calculate the highest common divisor of 232 and 16.
8
What is the greatest common divisor of 3379 and 155?
31
Calculate the greatest common factor of 2801 and 1.
1
Calculate the highest common divisor of 6 and 66.
6
Calculate the greatest common divisor of 1079 and 249.
83
Calculate the highest common divisor of 40 and 440.
40
What is the greatest common divisor of 42 and 2562?
42
What is the highest common divisor of 174 and 114?
6
What is the greatest common divisor of 52 and 13?
13
What is the greatest common factor of 405 and 840?
15
Calculate the greatest common divisor of 64 and 88.
8
What is the greatest common factor of 2563 and 33?
11
Calculate the highest common factor of 110 and 40.
10
Calculate the greatest common divisor of 847 and 1089.
121
Calculate the highest common divisor of 292 and 219.
73
What is the highest common divisor of 6799 and 104?
13
What is the highest common factor of 6 and 624?
6
What is the highest common factor of 1143 and 1016?
127
What is the highest common divisor of 2142 and 126?
126
What is the highest common factor of 133 and 77?
7
What is the greatest common factor of 120 and 16?
8
Calculate the greatest common factor of 34 and 34.
34
Calculate the greatest common factor of 62 and 279.
31
What is the highest common factor of 12 and 57?
3
Calculate the greatest common factor of 28 and 3878.
14
What is the greatest common factor of 37 and 629?
37
What is the highest common factor of 322 and 14?
14
What is the greatest common divisor of 7760 and 80?
80
What is the greatest common factor of 7 and 9317?
7
What is the highest common divisor of 115 and 255?
5
What is the highest common divisor of 7 and 231?
7
Calculate the highest common factor of 105 and 135.
15
Calculate the highest common factor of 128 and 4.
4
What is the highest common factor of 3 and 456?
3
Calculate the highest common divisor of 4617 and 27.
27
Calculate the highest common divisor of 72 and 104.
8
What is the greatest common factor of 56 and 10808?
56
What is the greatest common divisor of 1311 and 798?
57
What is the greatest common factor of 56 and 322?
14
What is the greatest common factor of 4 and 316?
4
Calculate the greatest common divisor of 20 and 56.
4
What is the highest common divisor of 4 and 128?
4
Calculate the highest common factor of 2064 and 40.
8
Calculate the highest common factor of 2850 and 456.
114
What is the greatest common factor of 2 and 58?
2
Calculate the greatest common factor of 464 and 174.
58
What is the greatest common divisor of 598 and 26?
26
Calculate the greatest common factor of 21 and 98.
7
What is the greatest common divisor of 294 and 546?
42
Calculate the greatest common divisor of 28 and 854.
14
What is the highest common divisor of 318 and 3?
3
Calculate the highest common divisor of 144 and 414.
18
Calculate the highest common factor of 667 and 92.
23
Calculate the highest common divisor of 42 and 28.
14
Calculate the highest common divisor of 567 and 21.
21
Calculate the greatest common divisor of 23257 and 39.
13
Calculate the greatest common divisor of 88 and 198.
22
Calculate the greatest common factor of 175 and 50.
25
Calculate the highest common factor of 290 and 2640.
10
What is the greatest common factor of 25 and 1600?
25
What is the greatest common divisor of 8 and 696?
8
What is the greatest common factor of 3 and 147?
3
What is the highest common factor of 9392 and 16?
16
Calculate the highest common divisor of 25 and 235.
5
Calculate the highest common factor of 110 and 462.
22
Calculate the greatest common factor of 30 and 490.
10
What is the highest common factor of 234 and 455?
13
What is the highest common divisor of 874 and 76?
38
What is the highest common factor of 37440 and 15?
15
Calculate the highest common divisor of 1121 and 944.
59
Calculate the greatest common factor of 968 and 176.
88
What is the greatest common divisor of 6045 and 390?
195
Calculate the greatest common factor of 835 and 80.
5
Calculate the highest common factor of 11220 and 44.
44
Calculate the greatest common factor of 132 and 5964.
12
Calculate the highest common factor of 1650 and 15.
15
Calculate the greatest common divisor of 1808 and 32.
16
Calculate the highest common factor of 67603 and 67.
67
What is the highest common factor of 100 and 175?
25
What is the greatest common factor of 359 and 1?
1
What is the highest common divisor of 5338 and 34?
34
What is the highest common divisor of 338 and 52?
26
What is the highest common factor of 154 and 7161?
77
What is the highest common factor of 276 and 12?
12
What is the greatest common factor of 8 and 8?
8
What is the greatest common divisor of 120 and 105?
15
What is the greatest common factor of 680 and 2125?
85
Calculate the highest common factor of 396 and 11154.
66
Calculate the greatest common divisor of 4756 and 41.
41
Calculate the highest common divisor of 793 and 13.
13
What is the highest common factor of 171 and 361?
19
Calculate the highest common divisor of 152 and 266.
38
Calculate the greatest common factor of 1159 and 305.
61
Calculate the highest common divisor of 279 and 27.
9
Calculate the greatest common factor of 25 and 1475.
25
What is the highest common factor of 2761 and 165?
11
What is the highest common factor of 3 and 1995?
3
What is the greatest common factor of 18 and 27?
9
What is the highest common factor of 2282 and 126?
14
What is the highest common factor of 5 and 540?
5
Calculate the highest common divisor of 40 and 1720.
40
What is the highest common factor of 928 and 6902?
58
Cal